 -4*g + 5*s, -g - 3*s = -28. What is the units digit of g?
0
Suppose 2*q - 12 = -2*v - 0*v, -5*v + 22 = -3*q. Let m = 2 - -25. What is the units digit of q/(-4) - m/(-12)?
2
Let v(u) = -u**3 + 4*u**2 + 4*u + 5. Let l be v(6). Let t = l + 21. Let c = t - -33. What is the units digit of c?
1
Let k be (1 + -7)*(-2)/3. Let z be (k/(-6))/((-6)/(-108)). Let v = z - -17. What is the units digit of v?
5
Let f = -44 - -79. What is the units digit of f?
5
Suppose 0*k + 16 = 4*k. Let s = 7 - k. What is the units digit of s?
3
Suppose 86 = o + 2*a + 3*a, 499 = 5*o + 2*a. What is the hundreds digit of o?
1
Suppose -v = -6*v + 160. What is the tens digit of v?
3
Suppose -4*s + 2 + 0 = -a, 8 = a + s. Suppose 14 = 3*n + 2*q, 3*n - 18 = -2*n + 2*q. Suppose -a = u - n*u. What is the units digit of u?
2
Let u(k) = 4 - 5 - 6 - 5*k. Let m be u(-6). Suppose 5*t = -5*f + 4*t + m, -8 = 4*t. What is the units digit of f?
5
Let c(w) be the second derivative of w**5/120 + 5*w**4/24 - w**3/2 - 3*w. Let h(a) be the second derivative of c(a). What is the units digit of h(0)?
5
Let g = -11 + 43. What is the tens digit of g?
3
Let d = -8 - -10. Suppose -4*i - i + 27 = -3*w, 0 = 4*i + 2*w - 4. Suppose -d*k + i*k - 10 = 0. What is the units digit of k?
0
Let j be (-5 - -3) + 6 - 1. What is the tens digit of 1 - (-4 + j) - -9?
1
Let f(a) be the first derivative of a**2/2 + 12*a - 2. Suppose d = -0*d - 10. What is the units digit of f(d)?
2
Let k = 6 + -4. Let z = k + 9. What is the units digit of z?
1
Suppose h + 5*w - 282 = 0, 23 = -5*w + 8. What is the tens digit of h?
9
Suppose -4*s + 818 = -r + 311, 3*r = 15. What is the units digit of s/9 - (-4)/(-18)?
4
Let t be 387/12*24/9. Suppose 5*m + 1 - t = 0. What is the tens digit of m?
1
Let r(w) = 9*w**2 - w - 1. Let t be r(-1). Suppose 2*y = -4*s + 27 + t, 0 = -2*y + 3*s + 15. What is the tens digit of y?
1
Suppose -y = 2*y + 36. Let r = 12 + -13. Let p = r - y. What is the units digit of p?
1
Suppose -5*c + 318 + 372 = -5*o, 722 = 5*c + 3*o. Suppose -c = -5*n + 48. What is the units digit of n?
8
Let b = 1 - 0. Let k be 1/(b/1) + 1. Suppose -2*l + 24 = 5*r, -k*l + 3*l = 3*r + 1. What is the units digit of l?
7
What is the units digit of (-138)/(-12) + (-2)/(-4)?
2
Let u be 5 - (-2*1)/(-2). What is the units digit of (1 + -2)/((-2)/u)?
2
Let r be (2/(-5))/(2/(-10)). Suppose 56 = 4*h - b, 3*b + 33 = h + r*h. What is the units digit of h?
5
Let z = 37 + -14. What is the units digit of z?
3
Let u(d) = 2*d - d**2 - 3*d + 1 - d**3 + 0*d**2. What is the units digit of u(-2)?
7
Suppose 3*o = b + 11, 0 = o - 5*b + 6 + 9. Let c = 7 - o. What is the units digit of c?
2
Suppose -2*j = -2*h - 214, 5*j = -5*h + 3*h + 535. What is the hundreds digit of j?
1
Let c(p) = 9*p**2 + 2*p - 7. What is the units digit of c(-3)?
8
Suppose w + n + 43 = 0, -w + 5*n - 136 = 3*w. Let q = -15 - w. Let u = 38 - q. What is the units digit of u?
4
Suppose 2*y - 8*y = -240. What is the units digit of y?
0
Let s(o) = -2*o + 6. What is the units digit of s(-2)?
0
Let t = -94 + 137. What is the tens digit of t?
4
Let d be -2*(12/(-2))/3. Let x = d + -4. Suppose x*z = -z + 4. What is the units digit of z?
4
Let z(r) = -3*r**3 + r**2 + r + 1. Let a be z(-1). Suppose 5*n - a*n = 5. What is the units digit of n?
5
Let y(t) = 6*t**2 + 3*t + 27. What is the units digit of y(-5)?
2
Suppose -3*y = -4*x + 317, -5*x - y + 400 = -4*y. What is the tens digit of x?
8
Suppose 4*o + 2 = -5*b, 12 = o - 4*b + 2. What is the units digit of ((-7)/(-21))/(o/6)?
1
Suppose y + 28 = -5*s, -7*y - 17 = -3*y + s. Let a(z) = -z**3 - z**2 + 2*z. What is the units digit of a(y)?
2
Suppose 4*w + 1 = 237. What is the units digit of w?
9
Let d = -14 - -9. What is the tens digit of (-89)/d - (-7)/35?
1
Let z be 58/18 - 6/27. Suppose -z = -5*o + 47. What is the units digit of o?
0
Suppose 4*x - 316 + 20 = 0. Let w = -28 + x. What is the units digit of w?
6
Suppose h - 3*h + 210 = 0. Suppose 5*a - h = -35. What is the units digit of a?
4
Suppose -66 = 2*x + 32. What is the tens digit of ((-4 - 0) + x)*-1?
5
Let f = -13 - -62. What is the units digit of f?
9
Suppose 6*q = 5*q + 4. Let l = q - 8. Let f = l + 10. What is the units digit of f?
6
Suppose -5*m = -16 - 14. What is the units digit of m?
6
Let i = 5 + 10. Suppose -2*s + i = -1. What is the units digit of s?
8
What is the hundreds digit of ((-1576)/24)/(3/(-9))?
1
Suppose -5 = 4*b - 105. What is the units digit of (9/(-3))/(-3)*b?
5
Suppose -4 = -s + 1. What is the units digit of s?
5
Let f be (-1)/(-1*3/51). Let n = -7 + f. What is the units digit of n?
0
Let p(n) = 5*n + 74. What is the hundreds digit of p(14)?
1
Suppose 0 = u + 5*f - 36, -u - 2*f + 29 + 1 = 0. Suppose -13 = -3*m + u. What is the tens digit of m?
1
Let t(w) = -4*w + 3. Let x be t(-3). Let l = 26 - x. What is the tens digit of l?
1
Suppose 5*z = 5*g - 30, 2*z - 5*z - 10 = g. Let j(n) = -n**2 - 4. Let c be j(-3). What is the units digit of g/(-12) + c/(-6)?
2
Suppose 3*t = 2*z + 1 + 1, -3*z - 3 = -5*t. Let x = z - -5. Suppose 6 = 5*n - x*n. What is the units digit of n?
6
Suppose x = -x + 3*b + 293, -3*x = -2*b - 452. What is the tens digit of x?
5
Let b(x) = -144*x + 3. What is the units digit of b(-1)?
7
Suppose -5*g - 142 = -477. What is the units digit of g?
7
Suppose 5*z = -k + 6 + 23, 5*z = 3*k + 33. What is the units digit of z?
6
Suppose 4*r + 2 = 2*b, -b = -5*b + 4. Suppose -n + m - 1 = -6, r = 2*n + 4*m + 2. Suppose 0 = 3*f + n*h - h - 5, 0 = -5*h - 25. What is the units digit of f?
5
Let k(j) be the first derivative of j**3/3 - 7*j**2/2 - 6*j - 3. What is the units digit of k(8)?
2
Let u = -14 + 7. Let s be 6*3/(9/u). Let p = -3 - s. What is the units digit of p?
1
Suppose 5*i + 78 + 12 = 0. What is the units digit of (-285)/i + (-2)/(-12)?
6
Suppose -3*f + 25 = -26. Suppose 0 = -k - 3*l + 26, 5*k + l - f - 43 = 0. What is the units digit of k?
1
Let a(i) = i**2 - 7*i + 8. Let x be a(7). Let h = x + 0. What is the units digit of h?
8
Suppose 0 = -4*p + 4, -4*s - 2*p = -10. Suppose s*k - 5*u + 15 = -0*u, 2*u = -4*k + 6. Suppose 0 = 2*l - k*l - 2. What is the units digit of l?
1
Let h be (0 - 0)/2 - 6. Let a be (-32)/6 - 4/(-12). Let f = a - h. What is the units digit of f?
1
Let o = 217 + -114. What is the hundreds digit of o?
1
Let x(l) = 120*l**2 - 3*l - 4. What is the tens digit of x(-1)?
1
Let t(i) be the third derivative of -i**6/120 - i**5/60 - i**4/12 + i**3/6 - i**2. What is the units digit of t(-3)?
5
Let y = 91 - 40. What is the tens digit of y?
5
Let j be 182/21 + (-1)/(-3). Suppose -3*i + j = -9. What is the units digit of (-4)/(-3)*27/i?
6
Let d = -4 + 6. Let v be (-1)/(d*(-2)/8). Suppose -4*t + 64 = -2*b, 0*t - 3*b + 24 = v*t. What is the tens digit of t?
1
Suppose 0 = 3*t - 14 - 43. What is the tens digit of t?
1
Suppose 0*k = -13*k + 1079. What is the units digit of k?
3
Let i(h) = h**3 - 10*h**2 - 11*h + 1. Let n = 23 + -12. What is the units digit of i(n)?
1
Let s(y) = y**3 - 5*y**2 - 5*y - 2. Let v be s(6). Let w be ((-12)/(-8))/(2/v). Suppose -w = 5*n - 8*n. What is the units digit of n?
1
Let r(u) = -u**3 - 7*u**2 + u + 4. What is the tens digit of r(-8)?
6
Let f(o) = o**3 + 5*o**2 + 3*o - 4. Let n be f(-4). Let z(j) = -j**3 - j**2 - j + 4. What is the units digit of z(n)?
4
Let p(x) = x**3 - 3*x**2 + x + 2. Suppose 5*r - 3*r + 2*a = 6, -4*r = 5*a - 12. What is the units digit of p(r)?
5
Let q = -31 + 45. Let c = 6 - 4. What is the units digit of (q - -1)*c/5?
6
What is the hundreds digit of (-8 - (-2 - 2)) + 142 - -3?
1
Suppose 0 = -3*w + 4*h, 5*w = -h - 4*h + 35. What is the units digit of w/(-30) + 604/30?
0
Suppose 2*c = -3*u - 1, -4*u + 5*u - 3*c - 18 = 0. Let v = u + 22. What is the units digit of v?
5
Let h = 0 + -2. Let k(t) = 0*t - 2*t - 9 + 8. What is the units digit of k(h)?
3
Let s = 286 - 46. What is the tens digit of s?
4
Suppose -2 = -4*o + 22. Let m = 7 - o. What is the units digit of 3*2 - (m - -2)?
3
Let o(x) = x**2 + 3*x - 7. Let h be o(-5). Suppose -h*q - 5*t = -23, 0 = -2*q - 2*t - 0*t + 14. Let k = q + 1. What is the units digit of k?
7
Let s(c) = -5*c**3 - c**2. Let n(l) = -l**3 - l**2 + 1. Let d be n(1). Let j be s(d). Let g(b) = 2*b. What is the units digit of g(j)?
8
Let r be (-2)/(-11) + 8/(-44). Suppose 7*m - 4